{"id":31,"date":"2019-07-10T11:16:15","date_gmt":"2019-07-10T02:16:15","guid":{"rendered":"https:\/\/wwwchem.sci.hokudai.ac.jp\/tacc2020\/?page_id=31"},"modified":"2023-08-30T19:35:40","modified_gmt":"2023-08-30T10:35:40","slug":"speakers","status":"publish","type":"page","link":"https:\/\/wwwchem.sci.hokudai.ac.jp\/tacc2023\/speakers\/","title":{"rendered":"Speakers"},"content":{"rendered":"\n<p><strong>Followings are reconfirmed speakers of TACC2023 conference.<\/strong><\/p>\n\n\n\n<h3 class=\"wp-block-heading\">Plenary Lecturers<\/h3>\n\n\n\n<ul>\n<li>Mark S. Gordon (Iowa State Univ., USA)<\/li>\n\n\n\n<li>Eberhard K. U. Gross (Hebrew Univ., Israel)<\/li>\n\n\n\n<li>Chao-Ping Hsu (Academia Sinica, Taiwan)<\/li>\n\n\n\n<li>David M. Leitner (Univ. Nevada, Reno, USA)<\/li>\n\n\n\n<li>Shuhua Li (Nanjing Univ., China)<\/li>\n\n\n\n<li>Satoshi Maeda (Hokkaido Univ., Japan)<\/li>\n\n\n\n<li>Nancy Makri (Univ. Illinois, Urbana-Champaign, USA)<\/li>\n\n\n\n<li>Feliu Maseras (Inst. Catalonia Invest. Chem. (ICIQ), Spain)<\/li>\n\n\n\n<li>Eiichi Nakamura (Univ. Tokyo, Japan)<\/li>\n\n\n\n<li>Hiroshi Nakatsuji (QCRI, Japan)<\/li>\n\n\n\n<li>Gustavo E. Scuseria (Rice Univ., USA)<\/li>\n<\/ul>\n\n\n\n<h3 class=\"wp-block-heading\">Invited Speakers<\/h3>\n\n\n\n<ul>\n<li>Yuriko Aoki (Kyushu Univ., Japan)<\/li>\n\n\n\n<li>Ana-Nicoleta Bondar (Univ. Bucharest, Romania)<\/li>\n\n\n\n<li>Ksenia Bravaya (Boston Univ., USA)<\/li>\n\n\n\n<li>Roberto Cammi (Univ. Parma, Italy)<\/li>\n\n\n\n<li>Amalendu Chandra (IIT Kanpur, India)<\/li>\n\n\n\n<li>Cheol Ho Choi (Kyungpook National University, Korea)<\/li>\n\n\n\n<li>Michelle Coote (Australian National University, Australia)<\/li>\n\n\n\n<li>Qiang Cui (Boston Univ., USA)<\/li>\n\n\n\n<li>Michel Dupuis (Univ. Buffalo, USA)<\/li>\n\n\n\n<li>Masahiro Ehara (IMS, Japan)<\/li>\n\n\n\n<li>Maria Elena Martin Navarro (Univ. Extremadura, Spain)<\/li>\n\n\n\n<li>Matthias Ernzerhof (Univ. Montreal, Canada)<\/li>\n\n\n\n<li>Dmitri G. Fedorov (AIST, Japan)<\/li>\n\n\n\n<li>Hiroshi Fujisaki (Nippon Medical School, Japan)<\/li>\n\n\n\n<li>Debashree Ghosh (IACS, India)<\/li>\n\n\n\n<li>Feng Long Gu (South China Normal Univ., China)<\/li>\n\n\n\n<li>Johannes Hachmann (Univ. Buffalo, USA)<\/li>\n\n\n\n<li>Miho Hatanaka (Keio Univ., Japan)<\/li>\n\n\n\n<li>Shigehiko Hayashi (Kyoto Univ., Japan)<\/li>\n\n\n\n<li>Fahmi Himo (Stockholm Univ., Sweden)<\/li>\n\n\n\n<li>Kimihiko Hirao (RIKEN, Japan)<\/li>\n\n\n\n<li>Gerhard Hummer (Max Planck Inst. Biophys., Germany)<\/li>\n\n\n\n<li>Satoru Iwata (Univ. Tokyo, Japan)<\/li>\n\n\n\n<li>Randy Jalem (NIMS, Japan)<\/li>\n\n\n\n<li>De-en Jiang (Univ. California, Riverside, USA)<\/li>\n\n\n\n<li>Yousung Jung (Seoul National Univ., Korea)<\/li>\n\n\n\n<li>Srihari Keshavamurthy (IIT Kanpur, India)<\/li>\n\n\n\n<li>Woo Youn Kim (KAIST, Korea)<\/li>\n\n\n\n<li>Rika Kobayashi (Australian National Univ., Australia)<\/li>\n\n\n\n<li>Tamiki Komatsuzaki (Hokkaido Univ., Japan)<\/li>\n\n\n\n<li>Elfi Kraka (Southern Methodist Univ., USA)<\/li>\n\n\n\n<li>Vera Krewald (Tech. Univ. Darmstadt, Germany)<\/li>\n\n\n\n<li>\u202aTom\u00e1\u0161 Kuba\u0159 (Karlsruher Inst. Tech., Germany)<\/li>\n\n\n\n<li>Takako Kudo (Gunma Univ., Japan)<\/li>\n\n\n\n<li>Zhenggang Lan (South China Normal Univ., China)<\/li>\n\n\n\n<li>Benjamin Lasorne (Univ. Montpellier, France)<\/li>\n\n\n\n<li>Boris Le Guennic (Univ. Rennes, France)<\/li>\n\n\n\n<li>Fengyi Liu (Shaanxi Normal Univ., China)<\/li>\n\n\n\n<li>Jian Liu (Peking Univ., China)<\/li>\n\n\n\n<li>Ayori Mitsutake (Meiji Univ., Japan)<\/li>\n\n\n\n<li>Wataru Mizukami (Osaka Univ., Japan)<\/li>\n\n\n\n<li>Akihiro Morita (Tohoku Univ., Japan)<\/li>\n\n\n\n<li>Masataka Nagaoka (Nagoya Univ., Japan)<\/li>\n\n\n\n<li>Hiromi Nakai (Waseda Univ., Japan)<\/li>\n\n\n\n<li>Takahito Nakajima (RIKEN, Japan)<\/li>\n\n\n\n<li>Ayako Nakata (NIMS, Japan)<\/li>\n\n\n\n<li>Akira Nakayama (Univ. Tokyo, Japan)<\/li>\n\n\n\n<li>Frank Neese (Max-Planck Inst., Germany)<\/li>\n\n\n\n<li>Emilio Mart\u00ednez N\u00fa\u00f1ez (Universidade de Santiago de Compostela, Spain)<\/li>\n\n\n\n<li>Piotr Piecuch (Michigan State Univ., USA)<\/li>\n\n\n\n<li>U. Deva Priyakumar (IIIT Hyderabad, India)<\/li>\n\n\n\n<li>Karsten Reuter (Tech. Univ. Munich, Germany)<\/li>\n\n\n\n<li>Edina Rosta (King&#8217;s College London, UK)<\/li>\n\n\n\n<li>Shinji Saito (IMS, Japan)<\/li>\n\n\n\n<li>Shigeyoshi Sakaki (Kyoto Univ., Japan)<\/li>\n\n\n\n<li>Hirofumi Sato (Kyoto Univ., Japan)<\/li>\n\n\n\n<li>Hiroko Satoh (Univ. Zurich, Switzerland)<\/li>\n\n\n\n<li>Motoyuki Shiga (JAEA, Japan)<\/li>\n\n\n\n<li>Yasuteru Shigeta (Tsukuba Univ., Japan)<\/li>\n\n\n\n<li>Toru Shiozaki (QSimulate, USA)<\/li>\n\n\n\n<li>Kenji Sugisaki (Keio Univ., Japan)<\/li>\n\n\n\n<li>Kaito Takahashi (Academia Sinica, Taiwan)<\/li>\n\n\n\n<li>Keisuke Takahashi (Hokkaido Univ., Japan)<\/li>\n\n\n\n<li>Kazuo Takatsuka (Kyoto Univ., Japan)<\/li>\n\n\n\n<li>Seiichiro Ten-no (Kobe Univ., Japan)<\/li>\n\n\n\n<li>Takao Tsuneda (Kobe Univ., Japan)<\/li>\n\n\n\n<li>Dongqing Wei (Shanghai Jiaotong Univ., China)<\/li>\n\n\n\n<li>Thomas Weymuth (ETH Zurich, Switzerland)<\/li>\n\n\n\n<li>Xin Xu (Fudan Univ., China)<\/li>\n\n\n\n<li>Satoshi Yabushita (Keio Univ., Japan)<\/li>\n\n\n\n<li>Kiyoshi Yagi (RIKEN, Japan)<\/li>\n\n\n\n<li>Takeshi Yanai (Nagoya Univ., Japan)<\/li>\n\n\n\n<li>Chin-Hui Yu (National Tsing Hua University, Taiwan)<\/li>\n\n\n\n<li>Chaoyuan Zhu (National Chiao Tung Univ., Taiwan)<\/li>\n\n\n\n<li>Daniel Zuckerman (Oregon Health &amp; Science Univ., USA)<\/li>\n<\/ul>\n","protected":false},"excerpt":{"rendered":"<p>Followings are reconfirmed speakers of TACC2023 conference. Plenary Lecturers Invited Speakers<\/p>\n","protected":false},"author":1,"featured_media":0,"parent":0,"menu_order":0,"comment_status":"closed","ping_status":"closed","template":"","meta":{"footnotes":""},"_links":{"self":[{"href":"https:\/\/wwwchem.sci.hokudai.ac.jp\/tacc2023\/wp-json\/wp\/v2\/pages\/31"}],"collection":[{"href":"https:\/\/wwwchem.sci.hokudai.ac.jp\/tacc2023\/wp-json\/wp\/v2\/pages"}],"about":[{"href":"https:\/\/wwwchem.sci.hokudai.ac.jp\/tacc2023\/wp-json\/wp\/v2\/types\/page"}],"author":[{"embeddable":true,"href":"https:\/\/wwwchem.sci.hokudai.ac.jp\/tacc2023\/wp-json\/wp\/v2\/users\/1"}],"replies":[{"embeddable":true,"href":"https:\/\/wwwchem.sci.hokudai.ac.jp\/tacc2023\/wp-json\/wp\/v2\/comments?post=31"}],"version-history":[{"count":95,"href":"https:\/\/wwwchem.sci.hokudai.ac.jp\/tacc2023\/wp-json\/wp\/v2\/pages\/31\/revisions"}],"predecessor-version":[{"id":412,"href":"https:\/\/wwwchem.sci.hokudai.ac.jp\/tacc2023\/wp-json\/wp\/v2\/pages\/31\/revisions\/412"}],"wp:attachment":[{"href":"https:\/\/wwwchem.sci.hokudai.ac.jp\/tacc2023\/wp-json\/wp\/v2\/media?parent=31"}],"curies":[{"name":"wp","href":"https:\/\/api.w.org\/{rel}","templated":true}]}}