

{"id":1129,"date":"2014-08-23T21:02:35","date_gmt":"2014-08-23T12:02:35","guid":{"rendered":"http:\/\/wwwchem.sci.hokudai.ac.jp\/~cc\/?page_id=1129"},"modified":"2023-05-11T10:58:33","modified_gmt":"2023-05-11T01:58:33","slug":"presentation-2014","status":"publish","type":"page","link":"https:\/\/wwwchem.sci.hokudai.ac.jp\/~cc\/presentation\/presentation-2014\/","title":{"rendered":"2014\u5e74"},"content":{"rendered":"<h2>Presentation list FY2014<\/h2>\r\n<h3>\u65e5\u672c\u5316\u5b66\u4f1a\u7b2c95\u6625\u5b63\u5e74\u4f1a\uff08\u65e5\u672c\u5927\u5b66\u3000\u8239\u6a4b\u30ad\u30e3\u30f3\u30d1\u30b9\u30fb\u8239\u6a4b\u30fb2015\/3\/26-29\uff09<\/h3>\r\n<h4>\u91d1\u5c5e\u9593\u76f8\u4e92\u4f5c\u7528\u3092\u5229\u7528\u3057\u305f\u30de\u30eb\u30c1\u30af\u30ed\u30df\u30c3\u30af\u932f\u4f53\u7cfb\u306e\u69cb\u7bc9<\/h4>\r\n<p>\u5c0f\u6797 \u539a\u5fd7<br \/> \u8b1b\u6f14\u756a\u53f7:1SB-10\uff08\u7279\u5225\u4f01\u753b\u8b1b\u6f14\uff09<\/p>\r\n<p>&nbsp;<\/p>\r\n<h4>\u30b7\u30af\u30ed\u30e1\u30bf\u30ec\u30fc\u30c8\u578b\u767d\u91d1\u8907\u6838\u932f\u4f53\u304c\u793a\u3059\u591a\u6bb5\u968e\u30af\u30ed\u30df\u30c3\u30af\u7279\u6027<\/h4>\r\n<p>\u5409\u7530 \u5c06\u5df1\u30fb\u820c\u9593 \u7a42\u9ad8\u30fb\u4e2d\u5cf6 \u611b\u68a8\u30fb\u5c4b\u4ee3 \u5c1a\u5e0c\u30fb\u5c0f\u6797 \u539a\u5fd7\u30fb\u52a0\u85e4 \u660c\u5b50<br \/> \u8b1b\u6f14\u756a\u53f7:1F2-32<\/p>\r\n<p>&nbsp;<\/p>\r\n<h4>\u6c34\u7d20\u7d50\u5408\u80fd\u3092\u6709\u3059\u308b\u30b7\u30af\u30ed\u30e1\u30bf\u30ec\u30fc\u30c8\u578bPt(II)\u932f\u4f53\u306e\u5408\u6210\u3068\u767a\u5149\u7279\u6027<\/h4>\r\n<p>\u8766\u540d \u660c\u5fb3\u30fb\u5409\u7530 \u5c06\u5df1\u30fb\u5c0f\u6797 \u539a\u5fd7\u30fb\u52a0\u85e4 \u660c\u5b50<br \/> \u8b1b\u6f14\u756a\u53f7:1F2-34<\/p>\r\n<p>&nbsp;<\/p>\r\n<h4>\u30ab\u30eb\u30dc\u30ad\u30b7\u57fa\u3092\u6709\u3059\u308b\u30bf\u30fc\u30d4\u30ea\u30b8\u30f3\u767d\u91d1(II)\u932f\u4f53\u306e\u30d9\u30a4\u30dd\u30af\u30ed\u30df\u30ba\u30e0<\/h4>\r\n<p>\u5927\u6cc9 \u8a69\u7e54\u30fb\u91cd\u7530 \u6cf0\u5b8f\u30fb\u5409\u7530 \u5c06\u5df1\u30fb\u5c0f\u6797 \u539a\u5fd7\u30fb\u52a0\u85e4 \u660c\u5b50<br \/> \u8b1b\u6f14\u756a\u53f7:1F2-35<\/p>\r\n<p>&nbsp;<\/p>\r\n<h4>\u767a\u5149\u6027\u767d\u91d1(II)\u932f\u4f53\u201c\u30a4\u30aa\u30f3\u6db2\u4f53\u201d\u306e\u5408\u6210\u3068\u767a\u5149\u7279\u6027<\/h4>\r\n<p>\u5c0f\u5ddd \u77e5\u5f18\u30fb\u5409\u7530 \u5c06\u5df1\u30fb\u5c0f\u6797 \u539a\u5fd7\u30fb\u52a0\u85e4 \u660c\u5b50<br \/> \u8b1b\u6f14\u756a\u53f7:2F2-01<\/p>\r\n<p>&nbsp;<\/p>\r\n<h4>\u30b8\u30db\u30b9\u30d5\u30a3\u30f3\u914d\u4f4d\u5b50\u3078\u306e\u7cfb\u7d71\u7684\u306a\u82b3\u9999\u74b0\u5c0e\u5165\u306b\u3088\u308b\u9285(I)\u8907\u6838\u932f\u4f53\u306e\u767a\u5149\u8272\u5236\u5fa1<\/h4>\r\n<p>\u5ca1\u91ce \u53cb\u9999\u30fb\u5927\u539f \u88d5\u6a39\u30fb\u5409\u7530 \u5c06\u5df1\u30fb\u5c0f\u6797 \u539a\u5fd7\u30fb\u52a0\u85e4 \u660c\u5b50<br \/> \u8b1b\u6f14\u756a\u53f7:3F5-28<\/p>\r\n<p>&nbsp;<\/p>\r\n<p>&nbsp;<\/p>\r\n<h3>Hokkaido University-Universit\u00e9 de Montr\u00e9al-Universit\u00e9 de Strasbourg Joint Symposium 2015\uff08Sapporo, Japan, 2015\/3\/24\uff09<\/h3>\r\n<h4>Dual Emissive Ionic Liquid Based on an Anionic Cyclometalated Pt(II) Complex and an Imidazolium Cation<\/h4>\r\n<p>T. Ogawa, M. Yoshida, A. Kobayashi, M. Kato<\/p>\r\n<p>Presentation Number: S4<\/p>\r\n<p>&nbsp;<\/p>\r\n<p>&nbsp;<\/p>\r\n<h3>\u5316\u5b66\u7cfb\u5b66\u5354\u4f1a\u5317\u6d77\u9053\u652f\u90e8\u30002015\u5e74\u51ac\u5b63\u7814\u7a76\u767a\u8868\u4f1a\uff08\u5317\u6d77\u9053\u5927\u5b66\u3000\u672d\u5e4c\u30ad\u30e3\u30f3\u30d1\u30b9\u30fb\u672d\u5e4c\u30fb2015\/1\/27-28\uff09<\/h3>\r\n<h4>Ru(II)\u932f\u4f53\u914d\u4f4d\u5b50\u3068\u5e0c\u571f\u985e\u30a4\u30aa\u30f3\u304b\u3089\u6210\u308b\u767a\u5149\u6027\u30d5\u30ec\u30fc\u30e0\u30ef\u30fc\u30af\u306e\u69cb\u7bc9\u3068\u5149\u7269\u6027<\/h4>\r\n<p>\u6e21\u90e8 \u7dbe\u5b50\u30fb\u9f4b\u85e4 \u82f1\u91cc\u4f73\u30fb\u5409\u7530 \u5c06\u5df1\u30fb\u5c0f\u6797 \u539a\u5fd7\u30fb\u52a0\u85e4 \u660c\u5b50<br \/> \u8b1b\u6f14\u756a\u53f7:1B09<\/p>\r\n<p>&nbsp;<\/p>\r\n<h4>\u5d69\u9ad8\u3044\u30db\u30b9\u30d5\u30a3\u30f3\u914d\u4f4d\u5b50\u3092\u7528\u3044\u305fCu(I)\u5358\u6838\u932f\u4f53\u306e\u5408\u6210\u53ca\u3073\u767a\u5149\u7279\u6027<\/h4>\r\n<p>\u9577\u8c37\u5ddd \u9054\u54c9\u30fb\u5927\u539f \u88d5\u6a39\u30fb\u5409\u7530 \u5c06\u5df1\u30fb\u5c0f\u6797 \u539a\u5fd7\u30fb\u52a0\u85e4 \u660c\u5b50<br \/> \u8b1b\u6f14\u756a\u53f7:1B16<\/p>\r\n<p>&nbsp;<\/p>\r\n<h4>\u8868\u9762\u56fa\u5b9a\u5316\u3092\u6307\u5411\u3057\u305f\u30ea\u30f3\u30ab\u30fc\u90e8\u4f4d\u3092\u6709\u3059\u308b\u767a\u5149\u6027\u30eb\u30c6\u30cb\u30a6\u30e0(II)\u932f\u4f53\u306e\u5408\u6210\u3068\u7269\u6027<\/h4>\r\n<p>\u53e4\u90e1 \u60f3\u609f\u30fb\u5409\u7530 \u5c06\u5df1\u30fb\u5c0f\u6797 \u539a\u5fd7\u30fb\u52a0\u85e4 \u660c\u5b50<br \/> \u8b1b\u6f14\u756a\u53f7:P41<\/p>\r\n<p>&nbsp;<\/p>\r\n<h4>\u9577\u9396\u30a2\u30eb\u30ad\u30eb\u57fa\u3092\u642d\u8f09\u3057\u305f\u30b7\u30af\u30ed\u30e1\u30bf\u30ec\u30fc\u30c8\u578b\u767d\u91d1\u8907\u6838\u932f\u4f53\u306e\u5408\u6210\u3068\u30de\u30eb\u30c1\u30af\u30ed\u30df\u30c3\u30af\u6319\u52d5<\/h4>\r\n<p>\u4e2d\u5cf6 \u611b\u68a8\u30fb\u820c\u9593 \u7a42\u9ad8\u30fb\u5409\u7530 \u5c06\u5df1\u30fb\u5c0f\u6797 \u539a\u5fd7\u30fb\u52a0\u85e4 \u660c\u5b50<br \/> \u8b1b\u6f14\u756a\u53f7:P43<\/p>\r\n<p>&nbsp;<\/p>\r\n<h4>\u30e1\u30bd\u30dd\u30fc\u30e9\u30b9\u6709\u6a5f\u30b7\u30ea\u30ab\u4e0a\u3078\u306e\u767d\u91d1(II)\u932f\u4f53\u306e\u56fa\u5b9a\u5316\u53ca\u3073\u305d\u306e\u5149\u6a5f\u80fd<\/h4>\r\n<p>\u9f4b\u85e4 \u8ce2\u4eba\u30fb\u5ca1\u91ce \u53cb\u9999\u30fb\u5409\u7530 \u5c06\u5df1\u30fb\u5c0f\u6797 \u539a\u5fd7\u30fb\u524d\u5ddd \u4f73\u53f2\u30fb\u7a32\u57a3 \u4f38\u4e8c\u30fb\u52a0\u85e4 \u660c\u5b50<br \/> \u8b1b\u6f14\u756a\u53f7:P44<strong>\uff08\u512a\u79c0\u8b1b\u6f14\u8cde\uff08\u30dd\u30b9\u30bf\u30fc\u90e8\u9580\uff09\u53d7\u8cde\uff01\uff09<\/strong><\/p>\r\n<p>&nbsp;<\/p>\r\n<p>&nbsp;<\/p>\r\n<h3>2014 International Conference on Artificial Photosynthesis \uff08Awaji, Japan, 2014\/11\/24-28\uff09<\/h3>\r\n<h4>Surface ligand dependence of a photocatalytic hydrogen production system composed of photosensitizing quantum dots and 3d-metal molecular catalysts<\/h4>\r\n<p>K. Sawaguchi, M. Yoshida, A. Kobayashi, M. Kato<br \/> Presentation Number: P2-05<\/p>\r\n<p>&nbsp;<\/p>\r\n<h4>Syntheses, structures, and photo-induced hydrogen evolution of 3d transition metal complexes bearing <i>o<\/i>-phenylenediamine<\/h4>\r\n<p>M. Yoshida, S. Ueno, A. Usui, A. Kobayashi, M. Kato<br \/> Presentation Number: P2-20<\/p>\r\n<p>&nbsp;<\/p>\r\n<p>&nbsp;<\/p>\r\n<h3>\u7b2c\uff13\u56de\u932f\u4f53\u5316\u5b66\u82e5\u624b\u306e\u4f1a\u5317\u6d77\u9053\u652f\u90e8\u52c9\u5f37\u4f1a\uff08\u5317\u6d77\u9053\u5927\u5b66\u672d\u5e4c\u30ad\u30e3\u30f3\u30d1\u30b9\u30fb\u672d\u5e4c\u30fb2014\/11\/14\uff09<\/h3>\r\n<h4>\u5f37\u767a\u5149\u6027\u9285(I)\u8907\u6838\u932f\u4f53\u306e\u30b8\u30db\u30b9\u30d5\u30a3\u30f3\u914d\u4f4d\u5b50\u306b\u3088\u308b\u767a\u5149\u8272\u5236\u5fa1<\/h4>\r\n<p>\u5ca1\u91ce \u53cb\u9999\u30fb\u5927\u539f \u88d5\u6a39\u30fb\u5409\u7530 \u5c06\u5df1\u30fb\u5c0f\u6797 \u539a\u5fd7\u30fb\u52a0\u85e4 \u660c\u5b50<br \/> \u8b1b\u6f14\u756a\u53f7:P-1<\/p>\r\n<p>&nbsp;<\/p>\r\n<h4>\u767a\u5149\u6027\u767d\u91d1\u932f\u4f53\u306e\u30a4\u30aa\u30f3\u6db2\u4f53\u5316\u3068\u305d\u306e\u7279\u6027<\/h4>\r\n<p>\u5c0f\u5ddd \u77e5\u5f18\u30fb\u5409\u7530 \u5c06\u5df1\u30fb\u5c0f\u6797 \u539a\u5fd7\u30fb\u52a0\u85e4 \u660c\u5b50<br \/> \u8b1b\u6f14\u756a\u53f7:P-6<\/p>\r\n<p>&nbsp;<\/p>\r\n<h4>\u65b0\u898f\u9285(I)\u591a\u5b54\u6027\u914d\u4f4d\u9ad8\u5206\u5b50\u306e\u69cb\u7bc9\u3068\u30d9\u30a4\u30dd\u30af\u30ed\u30df\u30c3\u30af\u767a\u5149<\/h4>\r\n<p>\u6797 \u525b\u592e\u30fb\u5927\u539f \u88d5\u6a39\u30fb\u5409\u7530 \u5c06\u5df1\u30fb\u5c0f\u6797 \u539a\u5fd7\u30fb\u52a0\u85e4 \u660c\u5b50<br \/> \u8b1b\u6f14\u756a\u53f7:P-9<\/p>\r\n<p>&nbsp;<\/p>\r\n<p>&nbsp;<\/p>\r\n<h3>\u7b2c\uff14\u56deCSJ\u5316\u5b66\u30d5\u30a7\u30b9\u30bf2014\uff08\u30bf\u30ef\u30fc\u30db\u30fc\u30eb\u8239\u5800\u30fb\u6771\u4eac\u30fb2014\/10\/14-16\uff09<\/h3>\r\n<h4>\u5f37\u767a\u5149\u6027\u9285(I)\u8907\u6838\u932f\u4f53\u306e\u30b8\u30db\u30b9\u30d5\u30a3\u30f3\u914d\u4f4d\u5b50\u306b\u3088\u308b\u767a\u5149\u8272\u5236\u5fa1<\/h4>\r\n<p>\u5ca1\u91ce \u53cb\u9999\u30fb\u5927\u539f \u88d5\u6a39\u30fb\u5409\u7530 \u5c06\u5df1\u30fb\u5c0f\u6797 \u539a\u5fd7\u30fb\u52a0\u85e4 \u660c\u5b50<br \/> \u8b1b\u6f14\u756a\u53f7:P4-054\u3000<strong>(\u512a\u79c0\u30dd\u30b9\u30bf\u30fc\u767a\u8868\u8cde\u53d7\u8cde\uff01)<\/strong><\/p>\r\n<p>&nbsp;<\/p>\r\n<p>&nbsp;<\/p>\r\n<h3>2014\u5e74\u5149\u5316\u5b66\u8a0e\u8ad6\u4f1a\uff08\u5317\u6d77\u9053\u5927\u5b66\u3000\u672d\u5e4c\u30ad\u30e3\u30f3\u30d1\u30b9\u30fb\u672d\u5e4c\u30fb2014\/10\/11-13\uff09<\/h3>\r\n<h4>\u3059\u308a\u3064\u3076\u3057\u6cd5\u306b\u3088\u308b\u5f37\u767a\u5149\u6027\u30e8\u30a6\u5316\u9285(I)\u5358\u6838\u932f\u4f53\u306e\u5408\u6210\u3068\u767a\u5149\u7279\u6027<\/h4>\r\n<p>\u5927\u539f \u88d5\u6a39\u30fb\u5c0f\u6797 \u539a\u5fd7\u30fb\u52a0\u85e4 \u660c\u5b50<br \/> \u8b1b\u6f14\u756a\u53f7:3B07<\/p>\r\n<p>&nbsp;<\/p>\r\n<h4>\u767a\u5149\u6027\u767d\u91d1(II)\u932f\u4f53\u306e\u96c6\u7a4d\u69cb\u9020\u5236\u5fa1\u3068\u5149\u7269\u6027<\/h4>\r\n<p>\u91cd\u7530 \u6cf0\u5b8f\u30fb\u5409\u7530 \u5c06\u5df1\u30fb\u5c0f\u6797 \u539a\u5fd7\u30fb\u52a0\u85e4 \u660c\u5b50<br \/> \u8b1b\u6f14\u756a\u53f7:3P111<\/p>\r\n<p>&nbsp;<\/p>\r\n<p>&nbsp;<\/p>\r\n<h3>4th International Conference on Metal-Organic Frameworks and Open Framework Compounds\uff08Kobe, Japan, 2014\/09\/28-10\/1\uff09<\/h3>\r\n<h4>Photochemical properties of nano-crystallized photosensitizing porous coordination polymers composed of Ru(II)-metalloligand<\/h4>\r\n<p>E. Saitoh, A. Kobayashi, M. Kato<br \/> Presentation Number: P1-025<\/p>\r\n<p>&nbsp;<\/p>\r\n<p>&nbsp;<\/p>\r\n<h3>\u932f\u4f53\u5316\u5b66\u4f1a\u7b2c64\u56de\u8a0e\u8ad6\u4f1a\uff08\u4e2d\u592e\u5927\u5b66\u3000\u5f8c\u697d\u5712\u30ad\u30e3\u30f3\u30d1\u30b9\u30fb\u6771\u4eac\u30fb2014\/09\/18-20\uff09<\/h3>\r\n<h4>\u96fb\u5b50\u5438\u5f15\u57fa\u3092\u4fee\u98fe\u3057\u305f\u30ec\u30c9\u30c3\u30af\u30b9\u6d3b\u6027\u932f\u4f53\u914d\u4f4d\u5b50\u3092\u7528\u3044\u305f\u591a\u96fb\u5b50\u9178\u5316\u53cd\u5fdc\u306e\u63a2\u7d22<\/h4>\r\n<p>\u8107\u5742 \u8056\u61b2\u30fb\u5c0f\u6797 \u539a\u5fd7\u30fb\u52a0\u85e4 \u660c\u5b50\u30fb\u677e\u672c \u525b\u30fb\u5f35 \u6d69\u5fb9<br \/> \u8b1b\u6f14\u756a\u53f7:1Fc-03<\/p>\r\n<p>&nbsp;<\/p>\r\n<h4>N^N \u914d\u4f4d\u5b50\u67b6\u6a4b\u578bCu(I)\u591a\u6838\u932f\u4f53\u306e\u914d\u4f4d\u74b0\u5883\u3068\u767a\u5149\u7279\u6027<\/h4>\r\n<p>\u963f\u826f\u7530 \u9f8d\u54c9\u30fb\u5409\u7530 \u5c06\u5df1\u30fb\u5c0f\u6797 \u539a\u5fd7\u30fb\u52a0\u85e4 \u660c\u5b50<br \/> \u8b1b\u6f14\u756a\u53f7:1Ac-04<\/p>\r\n<p>&nbsp;<\/p>\r\n<h4>\u65b0\u898f\u9285(I)\u591a\u5b54\u6027\u914d\u4f4d\u9ad8\u5206\u5b50\u306e\u69cb\u7bc9\u3068\u30d9\u30a4\u30dd\u30af\u30ed\u30df\u30c3\u30af\u767a\u5149<\/h4>\r\n<p>\u6797 \u525b\u592e\u30fb\u5927\u539f \u88d5\u6a39\u30fb\u5409\u7530 \u5c06\u5df1\u30fb\u5c0f\u6797 \u539a\u5fd7\u30fb\u52a0\u85e4 \u660c\u5b50<br \/> \u8b1b\u6f14\u756a\u53f7:1Ac-05<\/p>\r\n<p>&nbsp;<\/p>\r\n<h4>Synthesis, Structures, and Photochromic Behavior of Acetamidato-bridged Mixed-valent Platinum Complexes Bearing a Cyclometalating Ligand<\/h4>\r\n<p>M. Yoshida, N. Yashiro, H. Shitama, A. Kobayashi, M. Kato<br \/> \u8b1b\u6f14\u756a\u53f7:1C-09<\/p>\r\n<p>&nbsp;<\/p>\r\n<h4>\u30d1\u30e9\u30c8\u30ea\u30eb\u30d4\u30ea\u30b8\u30f3\u3092\u6709\u3059\u308b\u30a2\u30cb\u30aa\u30f3\u6027\u767d\u91d1(II)\u932f\u4f53\u306e\u69cb\u9020\u3068\u767a\u5149\u7279\u6027<\/h4>\r\n<p>\u5c0f\u5ddd \u77e5\u5f18\u30fb\u5409\u7530 \u5c06\u5df1\u30fb\u52a0\u85e4 \u660c\u5b50<br \/> \u8b1b\u6f14\u756a\u53f7:1PF-006<\/p>\r\n<p>&nbsp;<\/p>\r\n<h4>\u30a2\u30eb\u30ad\u30eb\u30ab\u30eb\u30dc\u30f3\u9178\u3092\u6709\u3059\u308b\u6c34\u7d20\u7d50\u5408\u6027Pt(II)\u932f\u4f53\u306e\u5408\u6210\u3068\u69cb\u9020<\/h4>\r\n<p>\u8766\u540d \u660c\u5fb3\u30fb\u5409\u7530 \u5c06\u5df1\u30fb\u5c0f\u6797 \u539a\u5fd7\u30fb\u52a0\u85e4 \u660c\u5b50<br \/> \u8b1b\u6f14\u756a\u53f7:1PF-021<\/p>\r\n<p>&nbsp;<\/p>\r\n<p>&nbsp;<\/p>\r\n<h3>10th Hokkaido University-Nanjing University Joint Symposium\uff08Rusutsu, Japan, 2014\/08\/22-23\uff09<\/h3>\r\n<h4>Syntheses of Flexible Porous Coordination Polymers Composed of Multifunctional Metalloligands<\/h4>\r\n<p>A. Kobayashi<br \/> Presentation Number: O-12<\/p>\r\n<p>&nbsp;<\/p>\r\n<h4>Ligand Substitution Effects on Vapochromic Diimine Platinum(II) Complexes<\/h4>\r\n<p>Y. Shigeta, M. Yoshida, A. Kobayashi, M. Kato<br \/> Presentation Number: P-2<\/p>\r\n<p>&nbsp;<\/p>\r\n<h4>Surface Ligands Dependence of Photocatalytic Hydrogen Evolution Ability of a Combined System of 3d Metal Complex Catalysts and Photosensitizing Quantum Dots<\/h4>\r\n<p>K. Sawaguchi, M. Yoshida, A. Kobayashi, M. Kato<br \/> Presentation Number: P-8<\/p>\r\n<p>&nbsp;<\/p>\r\n<p>&nbsp;<\/p>\r\n<h3>41th International Conference on Coordination Chemistry\uff08Singapole, Singapole, 2014\/07\/21-25\uff09<\/h3>\r\n<h4>Ligand Substitution effect on a Vapochromic Diimine Platinum(II) Complex<\/h4>\r\n<p>Y. Shigeta, A. Kobayashi, M. Kato<br \/> Presentation Number: M-11<\/p>\r\n<p>&nbsp;<\/p>\r\n<h4>Syntheses and Photophysical Properties of Coordination Polymers Composed of Luminescent Ru(II)-metalloligands<\/h4>\r\n<p>E. Saitoh, T. Ohba, A. Kobayashi, M. Kato<br \/> Presentation Number: E-22<\/p>\r\n<p>&nbsp;<\/p>\r\n<h4>Binding of Metal Ions by Metalloligands with Redox-Active Metal and Ligands<\/h4>\r\n<p>M. Wakizaka, T. Matsumoto, A. Kobayashi, H.-C. Chang, M. Kato<br \/> Presentation Number: L-27<\/p>\r\n<p><strong>(SNIC Poster Prize Award!)<\/strong><\/p>\r\n<p>&nbsp;<\/p>\r\n<p>&nbsp;<\/p>\r\n<h3>\u7b2c\uff12\u56de\u932f\u4f53\u5316\u5b66\u82e5\u624b\u306e\u4f1a\u5317\u6d77\u9053\u652f\u90e8\u52c9\u5f37\u4f1a\uff08\u5317\u6d77\u9053\u5927\u5b66\u672d\u5e4c\u30ad\u30e3\u30f3\u30d1\u30b9\u30fb\u672d\u5e4c\u30fb2014\/7\/18\uff09<\/h3>\r\n<h4>Photoinduced Hydrogen Evolution by Combined Systems of 3d Metal Complex Catalysts and Photosensitizing Quantum Dots<\/h4>\r\n<p>K. Sawaguchi, A. Kobayashi, M. Kato<\/p>\r\n<p>&nbsp;<\/p>\r\n<p>&nbsp;<\/p>\r\n<h3>26th International Conference on Organometallic Chemistry\uff08Sapporo, Japan, 2014\/07\/13-18\uff09<\/h3>\r\n<h4>Synthesis and Photochromic Behavior of Acetamidato-bridged Mixed-valent Platinum Complexes bearing a Cyclometalating Ligand<\/h4>\r\n<p>M. Yoshida, N. Yashiro, H. Shitama, A. Kobayashi, M. Kato<br \/> Presentation Number: 1P185<\/p>\r\n<p>&nbsp;<\/p>\r\n<p>&nbsp;<\/p>","protected":false},"excerpt":{"rendered":"<p>Presentation list FY2014 \u65e5\u672c\u5316\u5b66\u4f1a\u7b2c95\u6625\u5b63\u5e74\u4f1a\uff08\u65e5\u672c\u5927\u5b66\u3000\u8239\u6a4b\u30ad\u30e3\u30f3\u30d1\u30b9\u30fb\u8239\u6a4b\u30fb2015\/3\/26-29\uff09 \u91d1\u5c5e\u9593\u76f8\u4e92\u4f5c\u7528\u3092\u5229\u7528\u3057\u305f\u30de\u30eb\u30c1\u30af\u30ed\u30df\u30c3\u30af\u932f\u4f53\u7cfb\u306e\u69cb\u7bc9 \u5c0f\u6797 \u539a\u5fd7 \u8b1b\u6f14\u756a\u53f7:1SB- [&hellip;]<\/p>\n","protected":false},"author":1,"featured_media":0,"parent":15,"menu_order":10,"comment_status":"closed","ping_status":"closed","template":"","meta":{"footnotes":""},"_links":{"self":[{"href":"https:\/\/wwwchem.sci.hokudai.ac.jp\/~cc\/wp-json\/wp\/v2\/pages\/1129"}],"collection":[{"href":"https:\/\/wwwchem.sci.hokudai.ac.jp\/~cc\/wp-json\/wp\/v2\/pages"}],"about":[{"href":"https:\/\/wwwchem.sci.hokudai.ac.jp\/~cc\/wp-json\/wp\/v2\/types\/page"}],"author":[{"embeddable":true,"href":"https:\/\/wwwchem.sci.hokudai.ac.jp\/~cc\/wp-json\/wp\/v2\/users\/1"}],"replies":[{"embeddable":true,"href":"https:\/\/wwwchem.sci.hokudai.ac.jp\/~cc\/wp-json\/wp\/v2\/comments?post=1129"}],"version-history":[{"count":28,"href":"https:\/\/wwwchem.sci.hokudai.ac.jp\/~cc\/wp-json\/wp\/v2\/pages\/1129\/revisions"}],"predecessor-version":[{"id":5974,"href":"https:\/\/wwwchem.sci.hokudai.ac.jp\/~cc\/wp-json\/wp\/v2\/pages\/1129\/revisions\/5974"}],"up":[{"embeddable":true,"href":"https:\/\/wwwchem.sci.hokudai.ac.jp\/~cc\/wp-json\/wp\/v2\/pages\/15"}],"wp:attachment":[{"href":"https:\/\/wwwchem.sci.hokudai.ac.jp\/~cc\/wp-json\/wp\/v2\/media?parent=1129"}],"curies":[{"name":"wp","href":"https:\/\/api.w.org\/{rel}","templated":true}]}}